{"id":406,"date":"2024-03-05T16:11:17","date_gmt":"2024-03-05T15:11:17","guid":{"rendered":"https:\/\/mecalv.com\/monelectricien\/?page_id=406"},"modified":"2024-03-05T16:33:05","modified_gmt":"2024-03-05T15:33:05","slug":"comment-estimer-les-travaux-delectricite","status":"publish","type":"page","link":"https:\/\/mecalv.com\/monelectricien\/comment-estimer-les-travaux-delectricite\/","title":{"rendered":"Comment estimer les travaux d&#8217;\u00e9lectricit\u00e9 ?"},"content":{"rendered":"[vc_row type=&#8221;in_container&#8221; full_screen_row_position=&#8221;middle&#8221; column_margin=&#8221;default&#8221; column_direction=&#8221;default&#8221; column_direction_tablet=&#8221;default&#8221; column_direction_phone=&#8221;default&#8221; scene_position=&#8221;center&#8221; top_padding=&#8221;3%&#8221; bottom_padding=&#8221;5%&#8221; left_padding_desktop=&#8221;5%&#8221; constrain_group_2=&#8221;yes&#8221; right_padding_desktop=&#8221;5%&#8221; text_color=&#8221;dark&#8221; text_align=&#8221;left&#8221; row_border_radius=&#8221;none&#8221; row_border_radius_applies=&#8221;bg&#8221; overflow=&#8221;visible&#8221; advanced_gradient_angle=&#8221;0&#8243; overlay_strength=&#8221;0.3&#8243; gradient_direction=&#8221;left_to_right&#8221; shape_divider_position=&#8221;bottom&#8221; bg_image_animation=&#8221;none&#8221; gradient_type=&#8221;default&#8221; shape_type=&#8221;&#8221;][vc_column column_padding=&#8221;no-extra-padding&#8221; column_padding_tablet=&#8221;inherit&#8221; column_padding_phone=&#8221;inherit&#8221; column_padding_position=&#8221;all&#8221; column_element_spacing=&#8221;default&#8221; background_color_opacity=&#8221;1&#8243; background_hover_color_opacity=&#8221;1&#8243; column_shadow=&#8221;none&#8221; column_border_radius=&#8221;none&#8221; column_link_target=&#8221;_self&#8221; column_position=&#8221;default&#8221; gradient_direction=&#8221;left_to_right&#8221; overlay_strength=&#8221;0.3&#8243; width=&#8221;1\/1&#8243; tablet_width_inherit=&#8221;default&#8221; tablet_text_alignment=&#8221;default&#8221; phone_text_alignment=&#8221;default&#8221; animation_type=&#8221;default&#8221; bg_image_animation=&#8221;none&#8221; border_type=&#8221;simple&#8221; column_border_width=&#8221;none&#8221; column_border_style=&#8221;solid&#8221;][vc_column_text]Il n\u2019est pas rare de voir des gens se d\u00e9battre avec les probl\u00e8mes \u00e9lectriques \u00e0 la maison. Il n\u2019est pas rare de voir des personnes qui ont besoin d\u2019aide pour estimer les travaux qu\u2019il leur faudra pour r\u00e9parer leur \u00e9lectricit\u00e9. Si vous avez des probl\u00e8mes avec l\u2019\u00e9lectricit\u00e9, il est important de savoir comment estimer les travaux. Cela vous permettra d\u2019\u00e9conomiser du temps et de l\u2019argent \u00e0 long terme. Et n\u2019oubliez pas que si vous ne vous sentez pas en mesure de r\u00e9aliser les travaux d\u2019\u00e9lectricit\u00e9 par vous-m\u00eame, contactez un\u00a0<a href=\"\/\">\u00e9lectricien qualifi\u00e9<\/a>\u00a0qui fera les travaux dans les r\u00e8gles de l\u2019art.[\/vc_column_text][image_with_animation image_url=&#8221;407&#8243; image_size=&#8221;full&#8221; animation_type=&#8221;entrance&#8221; animation=&#8221;None&#8221; hover_animation=&#8221;none&#8221; alignment=&#8221;center&#8221; border_radius=&#8221;none&#8221; box_shadow=&#8221;none&#8221; image_loading=&#8221;lazy-load&#8221; max_width=&#8221;100%&#8221; max_width_mobile=&#8221;default&#8221;][vc_column_text]\n<h2>Estimer le montant des travaux \u00e0 effectuer chez soi<\/h2>\n<p id=\"db836aa0-9011-41e3-8e60-3ac94b2b4ae3\" class=\"quill-block\">Lorsque vous essayez d\u2019estimer les travaux d\u2019\u00e9lectricit\u00e9, il y a quelques facteurs \u00e0 prendre en compte. La premi\u00e8re chose \u00e0 consid\u00e9rer est la complexit\u00e9 du probl\u00e8me. Si vous avez un probl\u00e8me simple, il sera probablement plus facile et moins co\u00fbteux de le r\u00e9parer. Si vous avez un probl\u00e8me plus complexe, il faudra peut-\u00eatre envisager de faire appel \u00e0 un \u00e9lectricien professionnel.<\/p>\n<p id=\"db836aa0-9011-41e3-8e60-3ac94b2b4ae3\" class=\"quill-block\">La seconde chose \u00e0 prendre en compte est la quantit\u00e9 de travail n\u00e9cessaire. Si vous avez besoin de r\u00e9parer quelques fils, cela ne devrait pas prendre beaucoup de temps. Cependant, si vous avez besoin de refaire l\u2019installation \u00e9lectrique d\u2019une pi\u00e8ce, cela prendra probablement plus de temps. Il est important de se rendre compte que plus le travail est important, plus il sera co\u00fbteux.<\/p>\n<p id=\"db836aa0-9011-41e3-8e60-3ac94b2b4ae3\" class=\"quill-block\">Enfin, vous devrez \u00e9galement tenir compte du co\u00fbt des mat\u00e9riaux n\u00e9cessaires. Si vous avez besoin d\u2019acheter des fils, des disjoncteurs, un tableau \u00e9lectrique ou d\u2019autres composants \u00e9lectriques, cela peut augmenter le co\u00fbt des travaux. Assurez-vous de faire des recherches pour savoir quels sont les meilleurs endroits pour acheter vos mat\u00e9riaux.<\/p>\n<p id=\"db836aa0-9011-41e3-8e60-3ac94b2b4ae3\" class=\"quill-block\">En g\u00e9n\u00e9ral, il est assez facile d\u2019estimer les travaux d\u2019\u00e9lectricit\u00e9. Si vous avez un probl\u00e8me simple, vous devriez pouvoir le r\u00e9parer vous-m\u00eame. Cependant, si vous avez un probl\u00e8me plus complexe, il est pr\u00e9f\u00e9rable de faire appel \u00e0 un \u00e9lectricien professionnel. De cette fa\u00e7on, vous \u00eates s\u00fbr de ne pas endommager votre maison et de ne pas mettre votre famille en danger.<\/p>\n[\/vc_column_text][image_with_animation image_url=&#8221;408&#8243; image_size=&#8221;full&#8221; animation_type=&#8221;entrance&#8221; animation=&#8221;None&#8221; hover_animation=&#8221;none&#8221; alignment=&#8221;center&#8221; border_radius=&#8221;none&#8221; box_shadow=&#8221;none&#8221; image_loading=&#8221;lazy-load&#8221; max_width=&#8221;100%&#8221; max_width_mobile=&#8221;default&#8221;][vc_column_text]\n<h2>Quel prix pour refaire une installation \u00e9lectrique ?<\/h2>\n<p id=\"d42b4a7b-e00f-4209-8a75-ff658cfde545\" class=\"quill-block\">Le co\u00fbt d\u2019une r\u00e9novation \u00e9lectrique d\u00e9pend de plusieurs facteurs, comme la complexit\u00e9 du chantier, le type d\u2019installation \u00e0 refaire, les mat\u00e9riaux utilis\u00e9s et l\u2019accessibilit\u00e9 des lieux.<\/p>\n<p id=\"d42b4a7b-e00f-4209-8a75-ff658cfde545\" class=\"quill-block\">Pour une maison individuelle, il faut compter entre 10 800 \u20ac et 13 200 \u20ac HT pour une r\u00e9habilitation totale du r\u00e9seau \u00e9lectrique. La r\u00e9habilitation d\u2019un appartement de 60 m\u00b2 est estim\u00e9e entre 5 400 \u20ac et 6 000 \u20ac HT. Ces prix sont des fourchettes car ils peuvent \u00eatre amen\u00e9s \u00e0 \u00e9voluer en fonction de plusieurs crit\u00e8res.<\/p>\n<p id=\"d42b4a7b-e00f-4209-8a75-ff658cfde545\" class=\"quill-block\">Si vous avez un probl\u00e8me avec l\u2019\u00e9lectricit\u00e9, il est important de savoir comment estimer les travaux. Cela vous permettra d\u2019\u00e9conomiser du temps et de l\u2019argent \u00e0 long terme.<\/p>\n<h2>Comment calculer la main d\u2019oeuvre d\u2019un \u00e9lectricien ?<\/h2>\n<p id=\"db836aa0-9011-41e3-8e60-3ac94b2b4ae3\" class=\"quill-block\">Pour estimer le co\u00fbt des travaux d\u2019\u00e9lectricit\u00e9, il faut prendre en compte plusieurs facteurs :<\/p>\n<p id=\"db836aa0-9011-41e3-8e60-3ac94b2b4ae3\" class=\"quill-block\">\u2013 La complexit\u00e9 du probl\u00e8me<\/p>\n<p id=\"db836aa0-9011-41e3-8e60-3ac94b2b4ae3\" class=\"quill-block\">\u2013 La quantit\u00e9 de travail n\u00e9cessaire<\/p>\n<p id=\"db836aa0-9011-41e3-8e60-3ac94b2b4ae3\" class=\"quill-block\">\u2013 Le co\u00fbt des mat\u00e9riaux n\u00e9cessaires<\/p>\n<p id=\"db836aa0-9011-41e3-8e60-3ac94b2b4ae3\" class=\"quill-block\">\u2013 Le tarif horaire de l\u2019\u00e9lectricien<\/p>\n<p id=\"db836aa0-9011-41e3-8e60-3ac94b2b4ae3\" class=\"quill-block\">\u2013 La TVA applicable<\/p>\n<p id=\"db836aa0-9011-41e3-8e60-3ac94b2b4ae3\" class=\"quill-block\">\u2013 Les frais de d\u00e9placement.<\/p>\n<p id=\"db836aa0-9011-41e3-8e60-3ac94b2b4ae3\" class=\"quill-block\">En moyenne, le co\u00fbt de la main d\u2019oeuvre d\u2019un \u00e9lectricien repr\u00e9sente entre 35 et 45 euros HT l\u2019heure. Cependant, ce prix peut varier en fonction de plusieurs facteurs. Il est important de prendre en compte tous les \u00e9l\u00e9ments avant de commencer les travaux.<\/p>\n[\/vc_column_text][\/vc_column][\/vc_row]\n","protected":false},"excerpt":{"rendered":"<p>[vc_row type=&#8221;in_container&#8221; full_screen_row_position=&#8221;middle&#8221; column_margin=&#8221;default&#8221; column_direction=&#8221;default&#8221; column_direction_tablet=&#8221;default&#8221; column_direction_phone=&#8221;default&#8221; scene_position=&#8221;center&#8221; top_padding=&#8221;3%&#8221; bottom_padding=&#8221;5%&#8221; left_padding_desktop=&#8221;5%&#8221; constrain_group_2=&#8221;yes&#8221; right_padding_desktop=&#8221;5%&#8221; text_color=&#8221;dark&#8221; text_align=&#8221;left&#8221; row_border_radius=&#8221;none&#8221; row_border_radius_applies=&#8221;bg&#8221; overflow=&#8221;visible&#8221; advanced_gradient_angle=&#8221;0&#8243; overlay_strength=&#8221;0.3&#8243; gradient_direction=&#8221;left_to_right&#8221; shape_divider_position=&#8221;bottom&#8221; bg_image_animation=&#8221;none&#8221; gradient_type=&#8221;default&#8221; shape_type=&#8221;&#8221;][vc_column column_padding=&#8221;no-extra-padding&#8221; column_padding_tablet=&#8221;inherit&#8221; column_padding_phone=&#8221;inherit&#8221; column_padding_position=&#8221;all&#8221; column_element_spacing=&#8221;default&#8221;&#8230;<\/p>\n","protected":false},"author":2,"featured_media":407,"parent":0,"menu_order":0,"comment_status":"closed","ping_status":"closed","template":"","meta":{"footnotes":""},"class_list":["post-406","page","type-page","status-publish","has-post-thumbnail"],"yoast_head":"<!-- This site is optimized with the Yoast SEO plugin v27.1.1 - https:\/\/yoast.com\/product\/yoast-seo-wordpress\/ -->\n<title>Quelques conseils pour estimer le montant des travaux \u00e9lectriques<\/title>\n<meta name=\"description\" content=\"Comment estimer facilement la somme qu&#039;il faudra d\u00e9bourser si vous souhaitez faire des travaux d&#039;\u00e9lectricit\u00e9 ou appeler un professionnel ?\" \/>\n<meta name=\"robots\" content=\"index, follow, max-snippet:-1, max-image-preview:large, max-video-preview:-1\" \/>\n<link rel=\"canonical\" href=\"https:\/\/mecalv.com\/monelectricien\/comment-estimer-les-travaux-delectricite\/\" \/>\n<meta property=\"og:locale\" content=\"fr_FR\" \/>\n<meta property=\"og:type\" content=\"article\" \/>\n<meta property=\"og:title\" content=\"Quelques conseils pour estimer le montant des travaux \u00e9lectriques\" \/>\n<meta property=\"og:description\" content=\"Comment estimer facilement la somme qu&#039;il faudra d\u00e9bourser si vous souhaitez faire des travaux d&#039;\u00e9lectricit\u00e9 ou appeler un professionnel ?\" \/>\n<meta property=\"og:url\" content=\"https:\/\/mecalv.com\/monelectricien\/comment-estimer-les-travaux-delectricite\/\" \/>\n<meta property=\"og:site_name\" content=\"Mon Electricien\" \/>\n<meta property=\"article:modified_time\" content=\"2024-03-05T15:33:05+00:00\" \/>\n<meta property=\"og:image\" content=\"https:\/\/mecalv.com\/monelectricien\/wp-content\/uploads\/sites\/3\/2024\/03\/estimation-travaux-electricite.png\" \/>\n\t<meta property=\"og:image:width\" content=\"896\" \/>\n\t<meta property=\"og:image:height\" content=\"591\" \/>\n\t<meta property=\"og:image:type\" content=\"image\/png\" \/>\n<meta name=\"twitter:card\" content=\"summary_large_image\" \/>\n<meta name=\"twitter:label1\" content=\"Dur\u00e9e de lecture estim\u00e9e\" \/>\n\t<meta name=\"twitter:data1\" content=\"4 minutes\" \/>\n<!-- \/ Yoast SEO plugin. -->","yoast_head_json":{"title":"Quelques conseils pour estimer le montant des travaux \u00e9lectriques","description":"Comment estimer facilement la somme qu'il faudra d\u00e9bourser si vous souhaitez faire des travaux d'\u00e9lectricit\u00e9 ou appeler un professionnel ?","robots":{"index":"index","follow":"follow","max-snippet":"max-snippet:-1","max-image-preview":"max-image-preview:large","max-video-preview":"max-video-preview:-1"},"canonical":"https:\/\/mecalv.com\/monelectricien\/comment-estimer-les-travaux-delectricite\/","og_locale":"fr_FR","og_type":"article","og_title":"Quelques conseils pour estimer le montant des travaux \u00e9lectriques","og_description":"Comment estimer facilement la somme qu'il faudra d\u00e9bourser si vous souhaitez faire des travaux d'\u00e9lectricit\u00e9 ou appeler un professionnel ?","og_url":"https:\/\/mecalv.com\/monelectricien\/comment-estimer-les-travaux-delectricite\/","og_site_name":"Mon Electricien","article_modified_time":"2024-03-05T15:33:05+00:00","og_image":[{"width":896,"height":591,"url":"https:\/\/mecalv.com\/monelectricien\/wp-content\/uploads\/sites\/3\/2024\/03\/estimation-travaux-electricite.png","type":"image\/png"}],"twitter_card":"summary_large_image","twitter_misc":{"Dur\u00e9e de lecture estim\u00e9e":"4 minutes"},"schema":{"@context":"https:\/\/schema.org","@graph":[{"@type":"WebPage","@id":"https:\/\/mecalv.com\/monelectricien\/comment-estimer-les-travaux-delectricite\/","url":"https:\/\/mecalv.com\/monelectricien\/comment-estimer-les-travaux-delectricite\/","name":"Quelques conseils pour estimer le montant des travaux \u00e9lectriques","isPartOf":{"@id":"https:\/\/mecalv.com\/monelectricien\/#website"},"primaryImageOfPage":{"@id":"https:\/\/mecalv.com\/monelectricien\/comment-estimer-les-travaux-delectricite\/#primaryimage"},"image":{"@id":"https:\/\/mecalv.com\/monelectricien\/comment-estimer-les-travaux-delectricite\/#primaryimage"},"thumbnailUrl":"https:\/\/mecalv.com\/monelectricien\/wp-content\/uploads\/sites\/3\/2024\/03\/estimation-travaux-electricite.png","datePublished":"2024-03-05T15:11:17+00:00","dateModified":"2024-03-05T15:33:05+00:00","description":"Comment estimer facilement la somme qu'il faudra d\u00e9bourser si vous souhaitez faire des travaux d'\u00e9lectricit\u00e9 ou appeler un professionnel ?","breadcrumb":{"@id":"https:\/\/mecalv.com\/monelectricien\/comment-estimer-les-travaux-delectricite\/#breadcrumb"},"inLanguage":"fr-FR","potentialAction":[{"@type":"ReadAction","target":["https:\/\/mecalv.com\/monelectricien\/comment-estimer-les-travaux-delectricite\/"]}]},{"@type":"ImageObject","inLanguage":"fr-FR","@id":"https:\/\/mecalv.com\/monelectricien\/comment-estimer-les-travaux-delectricite\/#primaryimage","url":"https:\/\/mecalv.com\/monelectricien\/wp-content\/uploads\/sites\/3\/2024\/03\/estimation-travaux-electricite.png","contentUrl":"https:\/\/mecalv.com\/monelectricien\/wp-content\/uploads\/sites\/3\/2024\/03\/estimation-travaux-electricite.png","width":896,"height":591,"caption":"estimation travaux electricite"},{"@type":"BreadcrumbList","@id":"https:\/\/mecalv.com\/monelectricien\/comment-estimer-les-travaux-delectricite\/#breadcrumb","itemListElement":[{"@type":"ListItem","position":1,"name":"Accueil","item":"https:\/\/mecalv.com\/monelectricien\/"},{"@type":"ListItem","position":2,"name":"Comment estimer les travaux d&#8217;\u00e9lectricit\u00e9 ?"}]},{"@type":"WebSite","@id":"https:\/\/mecalv.com\/monelectricien\/#website","url":"https:\/\/mecalv.com\/monelectricien\/","name":"Mon Electricien","description":"","potentialAction":[{"@type":"SearchAction","target":{"@type":"EntryPoint","urlTemplate":"https:\/\/mecalv.com\/monelectricien\/?s={search_term_string}"},"query-input":{"@type":"PropertyValueSpecification","valueRequired":true,"valueName":"search_term_string"}}],"inLanguage":"fr-FR"}]}},"_links":{"self":[{"href":"https:\/\/mecalv.com\/monelectricien\/wp-json\/wp\/v2\/pages\/406","targetHints":{"allow":["GET"]}}],"collection":[{"href":"https:\/\/mecalv.com\/monelectricien\/wp-json\/wp\/v2\/pages"}],"about":[{"href":"https:\/\/mecalv.com\/monelectricien\/wp-json\/wp\/v2\/types\/page"}],"author":[{"embeddable":true,"href":"https:\/\/mecalv.com\/monelectricien\/wp-json\/wp\/v2\/users\/2"}],"replies":[{"embeddable":true,"href":"https:\/\/mecalv.com\/monelectricien\/wp-json\/wp\/v2\/comments?post=406"}],"version-history":[{"count":2,"href":"https:\/\/mecalv.com\/monelectricien\/wp-json\/wp\/v2\/pages\/406\/revisions"}],"predecessor-version":[{"id":411,"href":"https:\/\/mecalv.com\/monelectricien\/wp-json\/wp\/v2\/pages\/406\/revisions\/411"}],"wp:featuredmedia":[{"embeddable":true,"href":"https:\/\/mecalv.com\/monelectricien\/wp-json\/wp\/v2\/media\/407"}],"wp:attachment":[{"href":"https:\/\/mecalv.com\/monelectricien\/wp-json\/wp\/v2\/media?parent=406"}],"curies":[{"name":"wp","href":"https:\/\/api.w.org\/{rel}","templated":true}]}}