{"id":689,"date":"2022-11-09T12:52:46","date_gmt":"2022-11-09T11:52:46","guid":{"rendered":"https:\/\/mecalv.com\/erihum\/?page_id=689"},"modified":"2023-03-14T16:29:04","modified_gmt":"2023-03-14T15:29:04","slug":"travaux-renovation-energetique","status":"publish","type":"page","link":"https:\/\/mecalv.com\/renov-amenagement\/travaux-renovation-energetique\/","title":{"rendered":"Quels travaux de r\u00e9novation faire pour votre consommation \u00e9nerg\u00e9tique ?"},"content":{"rendered":"[vc_row type=&#8221;in_container&#8221; full_screen_row_position=&#8221;middle&#8221; column_margin=&#8221;default&#8221; column_direction=&#8221;default&#8221; column_direction_tablet=&#8221;default&#8221; column_direction_phone=&#8221;default&#8221; scene_position=&#8221;center&#8221; top_padding=&#8221;2%&#8221; bottom_padding=&#8221;5%&#8221; left_padding_desktop=&#8221;5%&#8221; constrain_group_2=&#8221;yes&#8221; right_padding_desktop=&#8221;5%&#8221; text_color=&#8221;dark&#8221; text_align=&#8221;left&#8221; row_border_radius=&#8221;none&#8221; row_border_radius_applies=&#8221;bg&#8221; overflow=&#8221;visible&#8221; advanced_gradient_angle=&#8221;0&#8243; overlay_strength=&#8221;0.3&#8243; gradient_direction=&#8221;left_to_right&#8221; shape_divider_position=&#8221;bottom&#8221; bg_image_animation=&#8221;none&#8221; gradient_type=&#8221;default&#8221; shape_type=&#8221;&#8221;][vc_column column_padding=&#8221;no-extra-padding&#8221; column_padding_tablet=&#8221;inherit&#8221; column_padding_phone=&#8221;inherit&#8221; column_padding_position=&#8221;all&#8221; column_element_spacing=&#8221;default&#8221; background_color_opacity=&#8221;1&#8243; background_hover_color_opacity=&#8221;1&#8243; column_shadow=&#8221;none&#8221; column_border_radius=&#8221;none&#8221; column_link_target=&#8221;_self&#8221; column_position=&#8221;default&#8221; gradient_direction=&#8221;left_to_right&#8221; overlay_strength=&#8221;0.3&#8243; width=&#8221;1\/1&#8243; tablet_width_inherit=&#8221;default&#8221; tablet_text_alignment=&#8221;default&#8221; phone_text_alignment=&#8221;default&#8221; animation_type=&#8221;default&#8221; bg_image_animation=&#8221;none&#8221; border_type=&#8221;simple&#8221; column_border_width=&#8221;none&#8221; column_border_style=&#8221;solid&#8221;][vc_column_text]Les performances \u00e9nerg\u00e9tiques de votre logement ne sont plus aussi bonnes qu\u2019auparavant ? Vos factures et le co\u00fbt de l\u2019\u00e9nergie augmentent consid\u00e9rablement depuis quelques mois ? Il est temps de faire quelques travaux pour r\u00e9nover vos appareils \u00e9nerg\u00e9tiques. Voici donc quelques conseils pour faire des travaux d&#8217;am\u00e9lioration chez vous, vous pouvez \u00e9galement faire appel \u00e0 une <a href=\"\/\">entreprise de travaux de r\u00e9novation<\/a> pour vous faciliter la t\u00e2che ![\/vc_column_text][image_with_animation image_url=&#8221;690&#8243; image_size=&#8221;full&#8221; animation_type=&#8221;entrance&#8221; animation=&#8221;None&#8221; hover_animation=&#8221;none&#8221; alignment=&#8221;center&#8221; border_radius=&#8221;none&#8221; box_shadow=&#8221;none&#8221; image_loading=&#8221;lazy-load&#8221; max_width=&#8221;100%&#8221; max_width_mobile=&#8221;default&#8221;][vc_column_text]\n<h2>Pourquoi est-il important d\u2019entreprendre des travaux de r\u00e9novation ?<\/h2>\n<p>La raison principale est que des appareils d\u00e9fectueux ou trop vieux deviennent \u00e9nergivores avec le temps. Il est donc important de les r\u00e9parer ou de les remplacer par des appareils plus r\u00e9cents, plus adapt\u00e9s \u00e0 vos besoins et qui r\u00e9pondent aux nouveaux crit\u00e8res \u00e9nerg\u00e9tiques. Les principales perditions \u00e9nergiques sont les murs, la toiture, les fen\u00eatres, ou encore le syst\u00e8me de ventilation. Tout ce qui concerne donc la ventilation, le chauffage et l\u2019isolation sont \u00e0 surveiller. Plus votre r\u00e9sidence est isol\u00e9e, moins ch\u00e8re est votre facture \u00e0 la fin du mois. En ces temps de crise, ce n\u2019est pas n\u00e9gligeable !<\/p>\n<p>Ensuite vous gagnez en confort ! Au revoir le mat\u00e9riel qui devient faiblard et qui propose une moins bonne utilisation qu\u2019auparavant (chauffe-eau, climatisation, etc.). Votre bien-\u00eatre doit \u00eatre l\u2019un de vos principaux objectifs. De plus, vous r\u00e9duirez votre empreinte carbone, qui, rappelons-le, \u00e9tait de 8,2 tCO2 en moyenne par personne en 2019 !<\/p>\n<p>Finalement, parmi les raisons principales de faire des travaux de r\u00e9novation, il y a le fait que ceux-ci vont permettent \u00e0 votre logement de prendre de la valeur ce sera donc un retour sur investissement par rapport aux <a href=\"https:\/\/mecalv.com\/erihum\/cout-travaux-renovation\/\">co\u00fbts engendr\u00e9s par vos travaux<\/a>. Tout en se refaisant une beaut\u00e9, il sera aux normes. En effet, les logements de cat\u00e9gories A et B se vendent et se louent mieux que ceux appartenant aux cat\u00e9gories C, D et plus.[\/vc_column_text][vc_row_inner column_margin=&#8221;default&#8221; column_direction=&#8221;default&#8221; column_direction_tablet=&#8221;default&#8221; column_direction_phone=&#8221;default&#8221; text_align=&#8221;center&#8221; row_position=&#8221;default&#8221; row_position_tablet=&#8221;inherit&#8221; row_position_phone=&#8221;inherit&#8221; overflow=&#8221;visible&#8221; pointer_events=&#8221;all&#8221;][vc_column_inner column_padding=&#8221;no-extra-padding&#8221; column_padding_tablet=&#8221;inherit&#8221; column_padding_phone=&#8221;inherit&#8221; column_padding_position=&#8221;all&#8221; column_element_spacing=&#8221;default&#8221; background_color_opacity=&#8221;1&#8243; background_hover_color_opacity=&#8221;1&#8243; column_shadow=&#8221;none&#8221; column_border_radius=&#8221;none&#8221; column_link_target=&#8221;_self&#8221; gradient_direction=&#8221;left_to_right&#8221; overlay_strength=&#8221;0.3&#8243; width=&#8221;1\/1&#8243; tablet_width_inherit=&#8221;default&#8221; animation_type=&#8221;default&#8221; bg_image_animation=&#8221;none&#8221; border_type=&#8221;simple&#8221; column_border_width=&#8221;none&#8221; column_border_style=&#8221;solid&#8221;][nectar_btn size=&#8221;large&#8221; button_style=&#8221;regular&#8221; button_color_2=&#8221;Accent-Color&#8221; icon_family=&#8221;none&#8221; text=&#8221;Comment trouver des financement pour ses travaux de r\u00e9novation ?&#8221; url=&#8221;\/financement-travaux-renovation\/&#8221;][\/vc_column_inner][\/vc_row_inner][vc_column_text]\n<h2>Par quoi commencer pour r\u00e9nover votre logement ?<\/h2>\n<p>Vous pouvez commencer par combler et isoler votre toiture. Trois solutions principales s\u2019offrent \u00e0 vous, les panneaux isolants en laine min\u00e9rale ou en isolants bio sourc\u00e9s, si votre toiture est am\u00e9nageable. Sinon, vous pouvez opter pour des panneaux autoportants, ou du sarking qui permet d\u2019int\u00e9grer une couche d\u2019isolation.<\/p>\n<p>Pensez \u00e0 doubler vos murs avec un panneau isolant ou d\u2019une ossature m\u00e9tallique compos\u00e9e de mat\u00e9riau m\u00e9tallique.<\/p>\n<p>Remplacez vos anciennes fen\u00eatres par de nouvelles en PVC ou en aluminium avec double vitrage.<\/p>\n<p>Investissez dans une ventilation m\u00e9canique contr\u00f4l\u00e9e (une VMC) qui va vous permettre de renouveler l\u2019air et d\u2019\u00e9vacuer l\u2019humidit\u00e9 et les odeurs de votre domicile.<\/p>\n<p>Changez votre syst\u00e8me de chauffage par une chaudi\u00e8re \u00e0 condensation, des panneaux photovolta\u00efques, un chauffe-eau solaire ou une pompe \u00e0 chaleur.<\/p>\n<p>Suite \u00e0 ces travaux, vous pourrez constater une am\u00e9lioration dans votre confort et surtout de vos factures ! N\u2019h\u00e9sitez pas \u00e0 les effectuer, ils vous rendront la vie plus facile !<\/p>\n[\/vc_column_text][\/vc_column][\/vc_row]\n","protected":false},"excerpt":{"rendered":"<p>[vc_row type=&#8221;in_container&#8221; full_screen_row_position=&#8221;middle&#8221; column_margin=&#8221;default&#8221; column_direction=&#8221;default&#8221; column_direction_tablet=&#8221;default&#8221; column_direction_phone=&#8221;default&#8221; scene_position=&#8221;center&#8221; top_padding=&#8221;2%&#8221; bottom_padding=&#8221;5%&#8221; left_padding_desktop=&#8221;5%&#8221; constrain_group_2=&#8221;yes&#8221; right_padding_desktop=&#8221;5%&#8221; text_color=&#8221;dark&#8221; text_align=&#8221;left&#8221; row_border_radius=&#8221;none&#8221; row_border_radius_applies=&#8221;bg&#8221; overflow=&#8221;visible&#8221; advanced_gradient_angle=&#8221;0&#8243; overlay_strength=&#8221;0.3&#8243; gradient_direction=&#8221;left_to_right&#8221; shape_divider_position=&#8221;bottom&#8221; bg_image_animation=&#8221;none&#8221; gradient_type=&#8221;default&#8221; shape_type=&#8221;&#8221;][vc_column column_padding=&#8221;no-extra-padding&#8221; column_padding_tablet=&#8221;inherit&#8221; column_padding_phone=&#8221;inherit&#8221; column_padding_position=&#8221;all&#8221; column_element_spacing=&#8221;default&#8221;&#8230;<\/p>\n","protected":false},"author":2,"featured_media":690,"parent":0,"menu_order":0,"comment_status":"closed","ping_status":"closed","template":"","meta":{"footnotes":""},"class_list":["post-689","page","type-page","status-publish","has-post-thumbnail"],"yoast_head":"<!-- This site is optimized with the Yoast SEO plugin v27.1.1 - https:\/\/yoast.com\/product\/yoast-seo-wordpress\/ -->\n<title>Quels sont les travaux \u00e0 r\u00e9aliser pour la r\u00e9novation \u00e9nerg\u00e9tique ?<\/title>\n<meta name=\"description\" content=\"Les performances \u00e9nerg\u00e9tiques de votre logement ne sont plus aussi bonnes qu\u2019auparavant ? Il est temps de faire quelques travaux de r\u00e9novation\" \/>\n<meta name=\"robots\" content=\"index, follow, max-snippet:-1, max-image-preview:large, max-video-preview:-1\" \/>\n<link rel=\"canonical\" href=\"https:\/\/mecalv.com\/renov-amenagement\/travaux-renovation-energetique\/\" \/>\n<meta property=\"og:locale\" content=\"fr_FR\" \/>\n<meta property=\"og:type\" content=\"article\" \/>\n<meta property=\"og:title\" content=\"Quels sont les travaux \u00e0 r\u00e9aliser pour la r\u00e9novation \u00e9nerg\u00e9tique ?\" \/>\n<meta property=\"og:description\" content=\"Les performances \u00e9nerg\u00e9tiques de votre logement ne sont plus aussi bonnes qu\u2019auparavant ? Il est temps de faire quelques travaux de r\u00e9novation\" \/>\n<meta property=\"og:url\" content=\"https:\/\/mecalv.com\/renov-amenagement\/travaux-renovation-energetique\/\" \/>\n<meta property=\"og:site_name\" content=\"Mecalv am\u00e9nagement\" \/>\n<meta property=\"article:modified_time\" content=\"2023-03-14T15:29:04+00:00\" \/>\n<meta property=\"og:image\" content=\"https:\/\/mecalv.com\/renov-amenagement\/wp-content\/uploads\/sites\/4\/2022\/11\/travaux-renovation-habitat.jpeg\" \/>\n\t<meta property=\"og:image:width\" content=\"850\" \/>\n\t<meta property=\"og:image:height\" content=\"567\" \/>\n\t<meta property=\"og:image:type\" content=\"image\/jpeg\" \/>\n<meta name=\"twitter:card\" content=\"summary_large_image\" \/>\n<meta name=\"twitter:label1\" content=\"Dur\u00e9e de lecture estim\u00e9e\" \/>\n\t<meta name=\"twitter:data1\" content=\"3 minutes\" \/>\n<!-- \/ Yoast SEO plugin. -->","yoast_head_json":{"title":"Quels sont les travaux \u00e0 r\u00e9aliser pour la r\u00e9novation \u00e9nerg\u00e9tique ?","description":"Les performances \u00e9nerg\u00e9tiques de votre logement ne sont plus aussi bonnes qu\u2019auparavant ? Il est temps de faire quelques travaux de r\u00e9novation","robots":{"index":"index","follow":"follow","max-snippet":"max-snippet:-1","max-image-preview":"max-image-preview:large","max-video-preview":"max-video-preview:-1"},"canonical":"https:\/\/mecalv.com\/renov-amenagement\/travaux-renovation-energetique\/","og_locale":"fr_FR","og_type":"article","og_title":"Quels sont les travaux \u00e0 r\u00e9aliser pour la r\u00e9novation \u00e9nerg\u00e9tique ?","og_description":"Les performances \u00e9nerg\u00e9tiques de votre logement ne sont plus aussi bonnes qu\u2019auparavant ? Il est temps de faire quelques travaux de r\u00e9novation","og_url":"https:\/\/mecalv.com\/renov-amenagement\/travaux-renovation-energetique\/","og_site_name":"Mecalv am\u00e9nagement","article_modified_time":"2023-03-14T15:29:04+00:00","og_image":[{"width":850,"height":567,"url":"https:\/\/mecalv.com\/renov-amenagement\/wp-content\/uploads\/sites\/4\/2022\/11\/travaux-renovation-habitat.jpeg","type":"image\/jpeg"}],"twitter_card":"summary_large_image","twitter_misc":{"Dur\u00e9e de lecture estim\u00e9e":"3 minutes"},"schema":{"@context":"https:\/\/schema.org","@graph":[{"@type":"WebPage","@id":"https:\/\/mecalv.com\/renov-amenagement\/travaux-renovation-energetique\/","url":"https:\/\/mecalv.com\/renov-amenagement\/travaux-renovation-energetique\/","name":"Quels sont les travaux \u00e0 r\u00e9aliser pour la r\u00e9novation \u00e9nerg\u00e9tique ?","isPartOf":{"@id":"https:\/\/mecalv.com\/renov-amenagement\/#website"},"primaryImageOfPage":{"@id":"https:\/\/mecalv.com\/renov-amenagement\/travaux-renovation-energetique\/#primaryimage"},"image":{"@id":"https:\/\/mecalv.com\/renov-amenagement\/travaux-renovation-energetique\/#primaryimage"},"thumbnailUrl":"https:\/\/mecalv.com\/renov-amenagement\/wp-content\/uploads\/sites\/4\/2022\/11\/travaux-renovation-habitat.jpeg","datePublished":"2022-11-09T11:52:46+00:00","dateModified":"2023-03-14T15:29:04+00:00","description":"Les performances \u00e9nerg\u00e9tiques de votre logement ne sont plus aussi bonnes qu\u2019auparavant ? Il est temps de faire quelques travaux de r\u00e9novation","breadcrumb":{"@id":"https:\/\/mecalv.com\/renov-amenagement\/travaux-renovation-energetique\/#breadcrumb"},"inLanguage":"fr-FR","potentialAction":[{"@type":"ReadAction","target":["https:\/\/mecalv.com\/renov-amenagement\/travaux-renovation-energetique\/"]}]},{"@type":"ImageObject","inLanguage":"fr-FR","@id":"https:\/\/mecalv.com\/renov-amenagement\/travaux-renovation-energetique\/#primaryimage","url":"https:\/\/mecalv.com\/renov-amenagement\/wp-content\/uploads\/sites\/4\/2022\/11\/travaux-renovation-habitat.jpeg","contentUrl":"https:\/\/mecalv.com\/renov-amenagement\/wp-content\/uploads\/sites\/4\/2022\/11\/travaux-renovation-habitat.jpeg","width":850,"height":567,"caption":"travaux renovation habitat"},{"@type":"BreadcrumbList","@id":"https:\/\/mecalv.com\/renov-amenagement\/travaux-renovation-energetique\/#breadcrumb","itemListElement":[{"@type":"ListItem","position":1,"name":"Accueil","item":"https:\/\/mecalv.com\/renov-amenagement\/"},{"@type":"ListItem","position":2,"name":"Quels travaux de r\u00e9novation faire pour votre consommation \u00e9nerg\u00e9tique ?"}]},{"@type":"WebSite","@id":"https:\/\/mecalv.com\/renov-amenagement\/#website","url":"https:\/\/mecalv.com\/renov-amenagement\/","name":"Mecalv am\u00e9nagement","description":"","potentialAction":[{"@type":"SearchAction","target":{"@type":"EntryPoint","urlTemplate":"https:\/\/mecalv.com\/renov-amenagement\/?s={search_term_string}"},"query-input":{"@type":"PropertyValueSpecification","valueRequired":true,"valueName":"search_term_string"}}],"inLanguage":"fr-FR"}]}},"_links":{"self":[{"href":"https:\/\/mecalv.com\/renov-amenagement\/wp-json\/wp\/v2\/pages\/689","targetHints":{"allow":["GET"]}}],"collection":[{"href":"https:\/\/mecalv.com\/renov-amenagement\/wp-json\/wp\/v2\/pages"}],"about":[{"href":"https:\/\/mecalv.com\/renov-amenagement\/wp-json\/wp\/v2\/types\/page"}],"author":[{"embeddable":true,"href":"https:\/\/mecalv.com\/renov-amenagement\/wp-json\/wp\/v2\/users\/2"}],"replies":[{"embeddable":true,"href":"https:\/\/mecalv.com\/renov-amenagement\/wp-json\/wp\/v2\/comments?post=689"}],"version-history":[{"count":4,"href":"https:\/\/mecalv.com\/renov-amenagement\/wp-json\/wp\/v2\/pages\/689\/revisions"}],"predecessor-version":[{"id":727,"href":"https:\/\/mecalv.com\/renov-amenagement\/wp-json\/wp\/v2\/pages\/689\/revisions\/727"}],"wp:featuredmedia":[{"embeddable":true,"href":"https:\/\/mecalv.com\/renov-amenagement\/wp-json\/wp\/v2\/media\/690"}],"wp:attachment":[{"href":"https:\/\/mecalv.com\/renov-amenagement\/wp-json\/wp\/v2\/media?parent=689"}],"curies":[{"name":"wp","href":"https:\/\/api.w.org\/{rel}","templated":true}]}}